+ 2*o - o. Suppose 0 = 13*w - 29*w - 3616. Let q = 225 + w. Determine u(q).
-5
Let d(t) = 5 - t**3 - 3 + 1. Let a(n) = n**3 - 5*n**2 - 6*n - 17. Let j(l) = -2*l**2 + 1. Let v(u) = -a(u) - j(u). Let k be v(8). What is d(k)?
3
Let d(i) = 44*i + 68. Let q(o) = -13*o - 19. Let z(n) = 3*d(n) + 10*q(n). Let v = 21 - 29. Give z(v).
-2
Let u(o) = o**2 + 6*o + 5. Let x(w) = -w**3 + 5*w**2 - 4*w + 4. Let l be x(4). Let h be 6*(8/3)/l. Suppose -h*q - 36 = -12. Calculate u(q).
5
Let z(x) be the first derivative of -3*x**3 - 5*x**2/2 + 3*x - 1692. Give z(-3).
-63
Let c = -430 - -427. Let v be (39/(-26))/(c/(-10)). Let h(p) = -p**2 + 21. Give h(v).
-4
Let f(d) = -d**3 + 4*d**2 - 2*d - 3. Let k = -14 - -12. Let t(p) = -p**3 - p**2 + p + 1. Let x be t(k). Suppose 4*c = -3*j - x, -c - 6 = -2*j + 3. Give f(j).
0
Let s(g) = 25*g**2 - 8*g - 6. Let r(d) = 34*d**2 - 11*d - 8. Let y(w) = 5*r(w) - 7*s(w). Calculate y(5).
-118
Let c(i) = -47*i - 2. Let t(r) = -180*r + 25. Let p(a) = -4*c(a) + t(a). Calculate p(-11).
-55
Let h(q) = 2*q**3 - 8*q**2 + 5*q - 7. Suppose 2948*x - 200 = 2898*x. Calculate h(x).
13
Let d(i) = i**3 + 9*i**2 - 11*i + 10. Let t be ((-336)/(-280))/(14/(-105)). What is d(t)?
109
Let a(s) = -8*s**3 + 4*s**2 + 2*s + 4. Let u(q) = q**3 - q**2 - 1. Let m(j) = -a(j) - 6*u(j). Let c = -32 - -29. Calculate m(c).
-28
Let u(p) be the second derivative of p**6/120 - p**5/10 + 7*p**4/24 - 2*p**3/3 - 33*p**2/2 - 18*p - 3. Let i(z) be the first derivative of u(z). What is i(5)?
6
Let p(v) = -8*v + 1. Suppose -7*f - 12*f = -95. Suppose 5*k = 4*j - 25, -f*k = j + 4*j - 20. What is p(k)?
9
Let d(z) = 18*z**3 + z**2 + 2*z + 1. Let l = 4284 + -4285. Determine d(l).
-18
Let j(b) = -2*b**2 + 9*b + 8. Let n = -94 - -100. Determine j(n).
-10
Let a(l) = -l**3 - 36*l**2 - 4*l - 150. Let k = -17270 + 17234. Give a(k).
-6
Let g be (-21)/(-6) - -2 - 2/(-4). Suppose -f - d + g = 13, 2*f = d + 1. Let c be -6 + (f/4)/((-1)/2). Let r(h) = h**3 + 4*h**2 - 4*h + 2. Give r(c).
-3
Suppose 228 = 15*k + 213. Let l(c) = 34*c**2 + 4*c - 5. Calculate l(k).
33
Suppose -60 = -v + 4*g, 49*g - 395 = -10*v + 48*g. Let a(n) be the second derivative of -1/6*n**3 - v*n - 1/2*n**2 + 0 + 5/12*n**4. Calculate a(-1).
5
Let u(r) = r**3 - r + 1. Let p be u(2). Let q(m) be the first derivative of 26 - 12*m + 1/2*m**2. Calculate q(p).
-5
Let a(m) = 643*m - 14783. Let x be a(23). Let l(w) = w**3 - 9*w**2 + 14*w + 9. Give l(x).
-15
Let h be 122/18 - (-26)/117. Let f(v) = 9*v**3 - 13*v**2 + 22*v + 10. Let c(z) = 4*z**3 - 6*z**2 + 9*z + 5. Let o(s) = h*c(s) - 3*f(s). What is o(3)?
-4
Let t = 2337 + -2334. Let m(k) = -4*k**2 + k - 4. Let q(z) = 3*z**2 + 3. Let u(g) = 5*m(g) + 6*q(g). Calculate u(t).
-5
Let j(f) = -561*f + 565*f - 10 + 12. Determine j(-3).
-10
Let d(q) be the third derivative of -q**5/40 - q**4/8 + 109*q**3/6 + 21*q**2 + 3*q. Let p(x) be the first derivative of d(x). Give p(-6).
15
Let i(d) = -d**2 + 171 + 17*d - 32*d - 40. Determine i(-21).
5
Suppose 2*a + 7 = -11. Let l = 15 + a. Let z(s) = -73*s - 6. Let v(f) = 97*f + 7. Let p(u) = -3*v(u) - 4*z(u). Calculate p(l).
9
Suppose -6 = m + 13. Let h = 23 + m. Let l(k) = -2 - 11 + 6*k - 2*k + 14. Give l(h).
17
Suppose -2*u = -38 + 10. Let g be (2 - u/3)*(-27)/6. Suppose -2*w + g = -6*w. Let x(p) = -p**3 + 4*p + 2. Calculate x(w).
17
Suppose -34*a - 14 = 3*u - 38*a, -4*a + 8 = 0. Let z(i) = i**3 - 4*i - 6. What is z(u)?
-6
Suppose 360 = 7*j + 86 - 27. Let h = 68 - 28. Let s = h - j. Let b(n) = 4*n + 3. What is b(s)?
-9
Let k(b) be the third derivative of b**5/60 + 19*b**4/3 + 298*b**3/3 - 6144*b**2 - 2. Determine k(-4).
4
Let m(s) = s**2 + s - 6. Let n be m(3). Let u(k) = -n*k + 2*k**2 - 4*k**2 + 2 - 5 + 3*k - 2*k. What is u(-4)?
-15
Let n = -10441 - -10445. Let c(g) be the first derivative of g**4/4 - g**3 - 3*g**2/2 - 2*g + 4. Calculate c(n).
2
Let b(p) = -p**2 + 5*p - 9. Let k = -108 - -9. Let w = k - -105. Determine b(w).
-15
Let v(c) = 2*c**2 + 57*c + 69. Let d = -4205 - -4178. Calculate v(d).
-12
Let k(i) = -14 + 8*i**2 + 6704*i - 13403*i + 70 + 6703*i - i**3. Calculate k(9).
11
Let p(l) = -l**2 - 8*l - 4. Let v(d) = d**3 - 33*d**2 - 79*d + 1. Let u be v(35). Let a = u + 311. Give p(a).
11
Let f(p) = 8*p**3. Suppose -12*v + 2 = -58. Suppose -9*a = -v*a + 36. Let x(d) = 3*d + 26. Let z be x(a). Give f(z).
-8
Let s(k) = 3*k**2 + 4*k**2 - 5*k**2 + 310*k + 0*k**2 - 316*k + 1. What is s(4)?
9
Let f(m) = m**2 - 15*m - 50. Suppose -30 = -3*i + 4*l, -l - 2*l = i - 36. Calculate f(i).
4
Let y(m) = 2*m**2 + 8*m - 63. Let g(l) = -2*l + 25. Let d(s) = 2*g(s) + y(s). Give d(-5).
17
Suppose 1023*z + 2*w = 1024*z + 2, z = -2*w - 6. Let b(n) = n**3 + 2*n**2 - 13*n - 16. What is b(z)?
4
Let b(n) = 57*n**3 - 3*n**2 - 4*n + 7. Let f(r) = 129*r**3 - 7*r**2 - 8*r + 15. Let q(u) = 9*b(u) - 4*f(u). Give q(1).
-3
Let p be 2 - 55/30 - (-195)/18. Suppose p*v = 15*v - 56. Let r(l) = 0*l + l - 9 - v + 16. Calculate r(0).
-7
Let p(o) = -o**2 + 19*o - 83. Suppose -4*n - l = -53, 0 = 2*n + 5*l - 1267 + 1254. Give p(n).
-13
Let w(h) = h**3 - 4*h**2 + 4*h - 3. Suppose -3*k = -4*s + 2*k + 27, -9 = 3*k. Suppose -s*o + 1 = 3*z - 20, 2*o = -5*z + 20. Give w(z).
-3
Let s(v) = 354*v + 7 + 1 + 352*v - 3 - 705*v. Give s(8).
13
Let c(i) = i**3 - 11*i**2 + 8. Let d = -22 - -61. Let y = d - 28. Give c(y).
8
Let k(t) = 17*t**3 - 28*t**2 - 116*t - 78. Let u(m) = -4*m**3 + 7*m**2 + 29*m + 19. Let r(o) = 3*k(o) + 13*u(o). What is r(9)?
112
Suppose 3*y + 17 = -22*l + 26*l, -4*y - 3*l - 31 = 0. Let z(r) = r**2 + 7*r + 6. Determine z(y).
6
Let i(l) = -114079 + 114068 + 7*l - l. What is i(5)?
19
Let h be (-1)/(-6) - (16 - (-25764)/(-72)). Let k = -329 + h. Let p(t) = -t**2 + 14*t - 18. What is p(k)?
-5
Let z(d) = -d**2 + 4*d - 2. Let r = 4131 + -4222. Suppose 311 = 4*j - 69. Let i = r + j. Give z(i).
-2
Let m be ((-2)/(-6))/((-1)/3). Let u(t) = 30*t**2 + 5*t - 11. Let i(z) = 5*z**2 + z - 2. Let f(a) = 5*i(a) - u(a). Calculate f(m).
-4
Suppose -8848 = -10*l - 18*l. Suppose l*z = 314*z - 30. Let m(s) = -s**2 - 15*s - 17. Determine m(z).
-17
Let i(j) be the second derivative of -j**6/120 - j**5/15 + 5*j**4/24 - j**3/6 - 51*j**2 + 12*j + 1. Let c(o) be the first derivative of i(o). Give c(-5).
-1
Let n(r) = 2*r**2 - 7*r - 10. Suppose -d + 10*d - 165 = -24*d. What is n(d)?
5
Let r(h) = 3*h - 47. Let c(l) = -6*l + 91. Let k(j) = -4*c(j) - 7*r(j). Calculate k(6).
-17
Let h(b) = 4*b**3 - 2*b**2 + 4*b - 5. Let j be h(2). Let l be (-6)/j - (-850)/18. Let i = l - 48. Let c(t) = 6*t + 1. Give c(i).
-5
Let i(z) = 9*z**2 + 3*z + 31. Let m be i(-7). Let q = m - 461. Let t(j) = -j**2 - 10*j + 4. What is t(q)?
4
Let v = -711 - -716. Suppose -2*h = 3*h - 35. Let b(k) = h + k + 1 - 1. Determine b(v).
12
Let m be 7/21*-15*((-3)/15 + -1). Let c(q) = -4*q + 20. Calculate c(m).
-4
Let a(p) = p**3 + 4*p**2 - 4*p + 8. Let r(d) = -d**3 - 3*d**2 + 4*d - 7. Let n(s) = -5*a(s) - 6*r(s). Let z = -16655 + 16658. Calculate n(z).
-1
Let d(p) = p**3 - 3*p**2 - 33*p + 20. Let b(c) = -3*c**3 + 15*c**2 + 99*c - 59. Let u(i) = -6*b(i) - 19*d(i). Calculate u(-34).
8
Let s(w) = 7*w + 39. Let n be (-212)/583 + 30/99*-12. What is s(n)?
11
Let c(u) = 3*u**2 + 42*u + 4. Suppose i + 13 = -32*v + 36*v, -3*v - 52 = 4*i. Calculate c(i).
-35
Let l = 11677 - 11676. Let z(m) = -26*m + 10. Calculate z(l).
-16
Let t(v) = -v**2 - 2*v - 4. Let r(m) = 142*m + 1560. Let h be r(-11). What is t(h)?
-4
Suppose -t - 26 = 5*g, 13*t - 10*t - 13 = -2*g. Let z(i) = -i**3 + 11*i**2 - 11*i + 7. Calculate z(t).
70
Suppose -5*i - 3*h - 47 = 0, -2*h + 8 = 16. Let j(u) = 9*u + 22. Determine j(i).
-41
Let n = 38 + -31. Suppose -5*s = f - 21, 6*s - s - 3*f - 17 = 0. Suppose -32 = -4*r + n*v - 3*v, s = 5*r + 4*v. Let l(b) = b - 1. Determine l(r).
3
Let g(a) be the first derivative of -a**4/4 - 22*a**3/3 + 11*a**2 - 28*a - 6540. Determine g(-23).
-5
Let o(b) = 8*b + 9080*b**2 - 2271*b**2 - 2268*b**2 - 55 - 2269*b**2 - 2271*b**2. Give o(0).
-55
Let o(m) be the second derivative of 0 - 3/2*m**2 - 2/3*m**4 + 1/3*m**3 - 1/20*m**5 - 95*m. Calculate o(-8).
-19
Let y(z) be the first derivative of -z**4/4 + 13*z**3/3 + 33*z**2/2 - 17*z + 4332. Calculate y(15).
28
Let n(b) = -3*b**2 - b + 12. Suppose -h + 5 = -2*o, 61*h + 6 = -3*o + 64*h. What is n(o)?
-12
Let u(a) = 2*